 + 3*t - 3*i + 14 = 0, -4*i = -2*t - 2. Suppose -t*c = -17*c + 996. What are the prime factors of c?
83
Let o(f) = 16*f**2 + 24*f + 139. What are the prime factors of o(-7)?
5, 151
Let z = -210 + 372. Suppose 0 = -3*r + 6*r - z. What are the prime factors of r?
2, 3
Let t(a) = -a**3 - 9*a**2 - 10*a - 12. Let z be t(-8). Suppose -2*j + 7*j - 865 = 5*u, -z*j = -u - 164. List the prime factors of u/(-5) - (-5)/(-25).
5, 7
Let m = 1359 + -494. List the prime factors of m.
5, 173
Let b(h) = -247*h**3 - h**2 + h + 2. List the prime factors of b(-1).
13, 19
Let m(t) = -2*t - 5. Let n be m(-5). What are the prime factors of (-1 + 3)/(n - (-1096)/(-220))?
2, 5, 11
Let d(n) = -n**2 - 1. Let f(i) = -4 + 13*i**2 - 4*i - 16*i**2 + 3*i + 0*i. Let z(r) = 2*d(r) - f(r). List the prime factors of z(0).
2
Let c be 1 + -78 + -1*1. Let s = -38 + 1. Let v = s - c. What are the prime factors of v?
41
Suppose 15610 = 14*c + 21*c. What are the prime factors of c?
2, 223
Suppose -46*c - 32*c + 84942 = 0. What are the prime factors of c?
3, 11
Let h(d) = 93*d + 8. List the prime factors of h(1).
101
What are the prime factors of 33/(-55)*-15 + 3314?
3323
Let x be (531/28 - (-24)/32)*-7. What are the prime factors of x/(-5)*(-4)/((-32)/20)?
3, 23
Let b(g) = 1. Let n(l) = -l**2 + l - 2. Let f(c) = 2*b(c) + 3*n(c). Let w be f(2). What are the prime factors of (36/w + 3)*-30?
2, 3
Let c(x) = -x**2 + x + 5. Let p be c(4). Let s(o) = 2*o**2 + 8*o + 5. Let y be s(p). Suppose -4*q = y - 151. List the prime factors of q.
2, 13
Let o(f) = -4*f**2 - 201*f + 47. What are the prime factors of o(-31)?
2, 1217
Suppose a = -3*o + 242, o + 254 - 1266 = -4*a. Let p = a + -135. What are the prime factors of p?
7, 17
Suppose 0 = -8*n - 10240 + 44544. What are the prime factors of n?
2, 67
Let c = -1212 - -2280. What are the prime factors of c?
2, 3, 89
Let b be 540 + (0 - 2)*1. Suppose -x + b = 5*f + 143, 0 = -4*f - 5*x + 337. What are the prime factors of f?
2, 3, 13
Suppose -384 = -11*x + 3*x. Let a = x - 36. List the prime factors of a.
2, 3
Let g(b) = -83*b - 110. What are the prime factors of g(-5)?
5, 61
Let m be (-9)/(-4 - 44/(-12)). Let d = m - 9. Suppose 120 + d = 3*b. List the prime factors of b.
2, 23
Let i = 45 - -10. Let r(x) = -14*x + 6. Let v be r(2). List the prime factors of (-268)/v - 10/i.
2, 3
Suppose 3679 = m + 5*u, -3*m - 10*u = -13*u - 11091. What are the prime factors of m?
2, 1847
Let v = 549 + -1058. Let d = -286 - v. What are the prime factors of d?
223
Let z(w) = 72*w - 77. List the prime factors of z(4).
211
Suppose 11*i + 4*a - 8705 = 6*i, 3*i + 5*a = 5210. What are the prime factors of i?
5, 349
Let u = -673 - -1860. List the prime factors of u.
1187
Let c = 107 - 14. Let b = 33 + c. What are the prime factors of b?
2, 3, 7
Let b = 590 - 166. List the prime factors of b.
2, 53
Let z be ((-180)/(-12))/(2/2). Let s(a) = -a**2 + 15*a + 17. List the prime factors of s(z).
17
Suppose -2*j - m + 3711 = -0*m, 0 = 5*j - m - 9288. List the prime factors of j.
3, 619
What are the prime factors of 70/(-21)*9093/(-14)?
5, 433
Let b(d) = d + 31*d**2 + 8*d - 7*d. List the prime factors of b(-1).
29
Let b = 2 + 16. Suppose -3*z + 2 + b = -5*y, 3*z + 5*y = -20. Suppose -w - 5*t - 4 = -15, 3*t + 12 = z. List the prime factors of w.
31
Let z be -2 + 700/9 - 12/(-54). Let v = -64 + z. List the prime factors of v.
2, 3
List the prime factors of 5 + 0 + 0 + 5 + 2231.
3, 83
Let i be 1*2*(-6)/12. Let v = 10 + i. Let z = -4 + v. What are the prime factors of z?
5
What are the prime factors of 489/(-16)*-12*4?
3, 163
What are the prime factors of (-2)/24 - (-26024)/96?
271
Let a = 8082 + -4447. List the prime factors of a.
5, 727
List the prime factors of (-186 - -2)/8*49/(-1).
7, 23
Suppose 2*t - 5*b - 64 = 0, -100 = -t - 3*t + 3*b. What are the prime factors of (t/33)/((-4)/(-426))?
71
Suppose 15*k = 12*k + 30. Suppose -4*s + 2*s = 0. Suppose s = -t - 0*t + k. List the prime factors of t.
2, 5
Let o = -13 - -7. Let l(c) = -c**3 - 3*c**2 - c + 9. Let q(n) = -2*n**3 - 7*n**2 - 3*n + 19. Let i(p) = o*q(p) + 13*l(p). List the prime factors of i(4).
7
Let a = 630 - 444. Let b = a + -42. List the prime factors of b.
2, 3
Suppose 0 = -6*o - 0*o + 12. Let f(p) = -5*p - 8. Let g be f(-7). Suppose t - g = -o*t. List the prime factors of t.
3
Let v(s) = 7*s + 1. Let z(i) = 8*i. Let r(a) = -2*v(a) + 3*z(a). What are the prime factors of r(5)?
2, 3
Let k(s) = -2*s + 16. Let j be k(12). Let f be 2451/4 + 6/j. What are the prime factors of (-12)/20 - f/(-20)?
2, 3, 5
Let q = -198 + 1132. List the prime factors of q.
2, 467
Let z(f) be the second derivative of -f**4/12 - f**3 - 9*f**2/2 - 6*f. Let m be z(-6). List the prime factors of m*((-38)/6 - -3).
2, 3, 5
Let w = 2743 - 1310. List the prime factors of w.
1433
Let j(u) = u**3 + 20*u**2 - 26*u + 110. What are the prime factors of j(-21)?
5, 43
Let j = -10 + 30. Let f be (-6)/(-15) - (-92)/j. Suppose f*p - 4*p - 53 = -5*y, -4*y + 3*p = -31. What are the prime factors of y?
2, 5
Suppose -2*i = 4*u - 22, 2*i - 4*i - 2*u = -14. Let q be -2 + 8 - (i - 1). Let d = 12 + q. What are the prime factors of d?
2
Suppose p - 566 = -s, 15 = -5*s - 0. List the prime factors of p.
569
Let q(o) = -79*o**3 + o**2 - o + 3. List the prime factors of q(-2).
641
Let t(i) = -17*i + 44. Let j(q) = q**3 + 10*q**2 + 9*q - 7. Let m be j(-9). What are the prime factors of t(m)?
163
Let j(h) = -24 + 7*h - 7*h + 7*h. List the prime factors of j(10).
2, 23
List the prime factors of -7 - -11 - 1400/(-1 + -1).
2, 11
Let n = 7 - 9. Let r be (1/n)/(2/(-4)). Let q = r + 7. What are the prime factors of q?
2
Let i = 619 + -423. Let q = i + -121. List the prime factors of q.
3, 5
What are the prime factors of (-4)/38 + 15510/57?
2, 17
Suppose 0 = 6*w - 15*w + 9810. List the prime factors of w.
2, 5, 109
Let k(r) be the second derivative of -r**5/20 - r**4/4 + 4*r**3/3 - 9*r**2/2 - 12*r. What are the prime factors of k(-7)?
131
Let c = -94 + 63. Suppose -4*j = -95 - 197. Let u = c + j. What are the prime factors of u?
2, 3, 7
Suppose -2530 = 187*i - 189*i. What are the prime factors of i?
5, 11, 23
Let w(g) = 7*g**2 + 6*g + 2. Let d be w(-2). Suppose 2*f + 8 = 0, 2*b + 0*f + f - d = 0. Let m = 22 - b. List the prime factors of m.
11
What are the prime factors of ((-540)/25)/(-2)*(-100)/(-6)?
2, 3, 5
Let x = 32 + -25. Let m(s) = 8*s**2 - x*s**2 - 2*s**2 + 6*s + 7. List the prime factors of m(5).
2, 3
Let y(l) = l**3 + 14*l - 2. Let h = -6 + 4. Let b(v) = -4*v**3 + v**2 - 42*v + 7. Let r(f) = h*b(f) - 7*y(f). List the prime factors of r(6).
2, 3, 5
Let n(s) = s**2 - 7*s - 8. Let f be n(8). Let k = 7 - f. Suppose 0 = 2*m - 5 - k. What are the prime factors of m?
2, 3
Suppose -9*a + 382 = 1408. Let t = a + 261. List the prime factors of t.
3, 7
Let p(d) = -6*d**2 + 1. Let b(g) = -5*g**2. Let v(q) = 7*b(q) - 6*p(q). List the prime factors of v(4).
2, 5
Let h(z) = z**2 + 8*z + 5. Let m be h(-9). Suppose -15 - 45 = 5*d. Let k = m - d. What are the prime factors of k?
2, 13
Suppose 3*y - 5*c = -y - 2, -5*y + 5*c = 0. Let j be 182/21 - y/(-6). Suppose -5*a + 62 = 2*p, -93 = -3*p - j*a + 4*a. What are the prime factors of p?
31
Let m(z) = 19*z - 156. Let a be m(8). Let b(x) = x**2 + x + 0*x**2 - 4 + 0*x**2. List the prime factors of b(a).
2
Let y(c) be the second derivative of c**4/4 - c**3/6 + c**2 - 4*c. List the prime factors of y(2).
2, 3
Suppose 0 = -2*f + 7*f. Let d = f + 7. Let a = d + 19. List the prime factors of a.
2, 13
Let x = 57 - 40. Suppose 10*l - 507 = -x. What are the prime factors of l?
7
Suppose -2*k + 85 = k + m, 0 = -4*k - m + 114. Let b = k + -1. Suppose 0 = 4*y - v - b - 14, -5*y + 5*v = -60. What are the prime factors of y?
2, 5
Let y be (7/(-3))/(3/(-9)). Suppose 0 = i - 1 - y. What are the prime factors of i?
2
Let d = 701 - 468. What are the prime factors of d?
233
Suppose -4*x = 5*w - 7192, -5753 = -4*w - 0*x - 3*x. Suppose 11*h - w = -435. List the prime factors of h.
7, 13
Suppose g - 2163 = -2*g + 3*q, -2*q = -4*g + 2894. Suppose -543 = -4*r + 5*d + 398, -3*d = 3*r - g. What are the prime factors of r?
239
Suppose 3*x = -3*h + 3, -2*x + 4*h = -0*x - 20. Let i(b) = 4*b**2 + x - 5 + 1 + b. List the prime factors of i(3).
3, 13
Suppose -3*i = -4*v, 2*v + 2 = 